f 5 - ((1 - -3) + -4)?
5
Calculate (169 - 156) + (1 - 3) + -1.
10
Calculate -10 - (9 + -19 - -6).
-6
What is 0 - ((1 - -3) + -7)?
3
Calculate -8 + -2 + 4 - (-3 + -1).
-2
Evaluate -4 + (-3 + (5 - 2) - 1).
-5
Evaluate 8 + (-3 - -1 - 3).
3
Calculate 1 - -3 - 4 - (8 + -7).
-1
What is 5 + -4 + -2 + 5 + -4?
0
What is 3 + (-5 - (3 + (1 - 5)))?
-1
-2 + -2 + (7 - (-2 - -6))
-1
What is the value of 4 - 7 - (-7 + 2 - 2)?
4
Evaluate -3 + 4 + 1 - 1.
1
-1 - (1 - 2 - 0) - 4
-4
Evaluate (0 - (0 - 1 - 0)) + -4.
-3
Evaluate -12 + 8 + (0 - -2).
-2
What is -1 + 1 + -2 - (-7 - -6)?
-1
0 + -2 + (-17 - -14) + 11
6
What is the value of 26 - 24 - (-3 + 11 + -5)?
-1
Evaluate 7 - (1 + 5) - 6.
-5
Evaluate (-1 - (-5 + 2)) + -5.
-3
Evaluate (3 - (2 - 0)) + -3.
-2
What is the value of 0 - -1 - 2 - 4 - 0?
-5
What is 2 + -4 + 4 + (-2 - -3)?
3
(9 - 2) + (2 - 9)
0
What is the value of -5 + 2 - -3 - 5?
-5
Evaluate 2 + 1 + -7 - (10 - 13).
-1
What is (9 - 13) + (-3 - -10)?
3
What is the value of -1 + -4 - (-10 - (-1 + -5))?
-1
Calculate -1 + 1 + 47 + -53.
-6
Evaluate 7 - (-4 - 4 - -5).
10
What is 2 + 2 + -1 - (3 + -1)?
1
What is the value of 0 + 1 - (-4 - -4 - 3)?
4
What is the value of 11 + -1 + (12 - 20 - -5)?
7
What is -12 + 12 - 0 - 8?
-8
Evaluate 6 - 1 - (3 + -8 + 14).
-4
Calculate (1 - 5) + (1 + -3 - -4).
-2
Calculate -5 - (-3 + 0) - -1.
-1
What is the value of -10 + (2 - 8) + 9?
-7
What is 0 - (0 + 2) - (26 - 30)?
2
Calculate -42 + 42 - (3 + -9).
6
What is the value of (5 - 2) + -3 + 0?
0
What is the value of (-43 - -54) + (-1 - (-2 + 4))?
8
Evaluate -1 - (6 + -1 + -10) - 0.
4
-2 + -11 + 21 + -2
6
Evaluate 4 + (-9 - (-4 + 1)) + 3.
1
Calculate (1 - -3 - 5 - -11) + -6.
4
Evaluate 0 + (0 - 0) + 3.
3
-8 + 2 + 3 + 7
4
What is the value of -7 + (3 - (7 - 13))?
2
1 - (2 - (2 + (0 - 0)))
1
What is -5 + 6 + (-6 - -3)?
-2
Evaluate 0 + -5 - (-10 + 10 + -1).
-4
Evaluate (-5 + 1 - -3) + 6.
5
-7 + 4 + 2 + -8 + 7
-2
What is -1 - -3 - (10 + -6)?
-2
What is 6 + -4 - (6 - (-2 - -1))?
-5
Calculate 0 + -4 + 2 + -3.
-5
Evaluate -8 + 3 + (0 - -1).
-4
What is 1 + (-1 - 1) + (10 - 2)?
7
What is the value of 1 + ((1 - 2) + -1 - 4)?
-5
Evaluate (-12 - -18) + (-2 - -2) + -3.
3
(-1 - 0 - 4) + (-1 - -10)
4
What is (1 - (-2 - -2)) + -9 - -2?
-6
(-4 - -3) + 14 + -4 + -4
5
Calculate -4 + (-12 - -8) + 6 + 2.
0
Evaluate -4 + (2 - (5 - 6 - -1)).
-2
What is the value of 1 - (10 - 3 - 11)?
5
Evaluate 0 + (-1 - -1) + -4.
-4
Calculate (2 - (-2 + (2 - 3))) + -1.
4
17 + -8 + (-6 - 0)
3
Evaluate -15 + (3 - (-3 - (1 - 0))).
-8
What is the value of (1 + -1 - (46 - 48)) + -3?
-1
What is the value of -5 + 0 + -1 + (-5 - -6)?
-5
Evaluate 1 + -3 - (1 + 2 + -4).
-1
What is the value of -5 + (4 - (5 - 0))?
-6
What is -1 + (-4 + 1 - -4) + -2?
-2
What is -3 + 6 - (0 + 6)?
-3
-2 - -2 - (5 + -10)
5
Evaluate -15 + (-8 - (-10 - 6)).
-7
Evaluate 0 - 4 - (3 - 7).
0
What is -5 - (-2 + -1 + (8 - 7))?
-3
What is the value of (13 - 1) + (-11 - -3)?
4
-22 + (-6 - (9 + -29))
-8
What is the value of 4 + -4 - ((1 - -2) + -2)?
-1
Evaluate (-2 - (-1 - 5)) + -1 + -2.
1
Calculate -2 - 0 - (-5 - (-5 - -3)).
1
Calculate 19 - (0 + 13) - -3.
9
Evaluate (-4 - (-5 + 4)) + 6 + -1.
2
125 - 138 - (-1 - 4)
-8
What is the value of -16 - -15 - (3 + 0)?
-4
Calculate -15 + 14 - (-6 + 1).
4
-8 + 1 - (-8 + (3 - -5))
-7
Calculate 4 + -5 + 2 - (1 + 2).
-2
Calculate 0 + (-1 - 3) + 0.
-4
Calculate (-1 - -12) + -27 + 23 - 9.
-2
0 + 1 + 1 + (-1 - 4)
-3
-2 + 6 + (-11 - -2) + 9
4
Calculate -2 + 5 - (7 + -10).
6
Calculate (0 - 13 - -6) + 6.
-1
Evaluate 58 + -58 - (-1 + -1).
2
Calculate 2 - -5 - (-20 - (-9 + -16)).
2
What is ((10 - 7) + -8 - 0) + 3?
-2
Calculate (-2 + 1 - -4) + -38 + 30.
-5
What is the value of 1 - -1 - (-6 + 12)?
-4
Evaluate -3 - (-3 + (0 - -3 - -2)).
-5
What is (10 - 11) + (6 - 3) + 0?
2
Calculate (-9 - (16 - 17)) + (-1 - -7).
-2
What is (0 - (-3 - -4)) + 1?
0
Calculate 10 + (5 - 10) + -9.
-4
Evaluate -7 - (-8 + (1 - -2) + 1).
-3
-2 - 5 - (-3 + -5)
1
Evaluate (-3 - (0 + -2 + -3)) + -1.
1
What is the value of (-5 + 2 - (0 - -1)) + 4?
0
What is the value of -2 + 0 - (0 + -5)?
3
Evaluate (1 + -6 - -10) + -2.
3
What is the value of 10 - (1 - -12) - (1 - 2)?
-2
What is 2 + -3 + -8 - (34 + -41)?
-2
What is the value of (-125 - -125) + 0 + 6?
6
Evaluate 5 - 14 - -6 - -11.
8
What is -36 + 45 + 2 + (-7 - 1)?
3
0 - (-8 + 4 - (0 - 4))
0
What is 7 + -1 + -5 - (2 + 2)?
-3
Evaluate (0 - 4) + 1 - (0 + 0).
-3
Calculate 4 - (-1 + 4 + -2).
3
What is 5 + -12 - (-1 - (1 + 7))?
2
Calculate (-2 - -5) + -1 + (-4 - -2).
0
-7 + (5 - ((0 - -3) + -1))
-4
What is the value of (1 + 2 - 1) + 5 + -9?
-2
What is the value of -4 - (4 + 3 + -8)?
-3
Evaluate -1 - (0 - 3 - 4 - -4).
2
What is -65 + 67 + -3 + 0?
-1
Evaluate -1 - (-2 + 1 + 3).
-3
What is -1 - ((4 - -1) + -1)?
-5
What is the value of (-6 - 1) + 10 + (2 - 5)?
0
What is the value of (-14 - -3) + (18 - 10)?
-3
What is (0 - 6) + 11 + -1 + 2?
6
(0 + (2 - -1) - 2) + 2
3
4 + (-5 - (1 - (9 + -4)))
3
5 - 0 - (3 - (10 + -9))
3
Calculate (-3 - 0 - (-8 + 1)) + -1.
3
Evaluate 7 - (45 + -39 - (2 - 0)).
3
What is the value of 4 - 1 - -2 - 0?
5
Calculate 7 + (-13 - (-8 - 0)).
2
What is the value of (-14 - (-3 + -7)) + 1?
-3
What is -16 - -21 - (2 + 1)?
2
Evaluate 7 - -5 - (8 + -5 - 1).
10
Calculate (8 - 5) + (-3 - -2 - -3).
5
Calculate 1 + -3 + 2 - (-9 + 3).
6
What is the value of 0 + 2 - (1 + -5 - -4)?
2
What is the value of 5 - (-2 + 0 - -6) - -2?
3
(5 - (8 - 0)) + 0
-3
Calculate 6 + 29 + -25 + -6 + 1.
5
0 + -3 + 1 + (-1 - 1)
-4
Calculate 2 + 3 + -2 + 1.
4
What is the value of (-6 - (5 + -11)) + -1?
-1
What is the value of -9 + -1 + 3 + 5?
-2
(19 - 14) + (7 - 4)
8
-6 + (1 - ((-1 - 4) + 3))
-3
-5 + 5 + -2 + 3
1
8 + 9 + -8 - (1 + 1)
7
(8 - 3 - 14) + 6
-3
Calculate -2 - (3 + -4 - 6).
5
What is -1 + (-2 - (4 - 3))?
-4
3 - (0 + 0 + 3 + 0)
0
Calculate -23 + 29 + (4 - 3 - 7).
0
What is the value of -2 - ((6 - 9) + 11 + -6)?
-4
What is the value of 4 - (-119 + 123 + 1 + 6)?
-7
What is the value of 1 + (-3 - (2 - 9) - 1)?
4
Calculate 2 + -3 + -29 + 33.
3
Evaluate (5 - (3 - 2)) + 1.
5
What is the value of 5 - ((-7 - -8) + -4)?
8
Calculate (-7 - -1) + 6 + -3.
-3
Calculate -5 - (-14 + (-1 - -6)).
4
What is the value of (-2 - 0) + (-6 - (2 - 11))?
1
Calculate 3 + (-4 - 0 - -11) - 2.
8
Calculate 1 + 1 + -10 - (546 - 554).
0
What is 18 + -18 - (1 + -1 + 1)?
-1
What is the value of 1 + (4 + -8 - -8) + -8?
-3
113 - 107 - (0 - 1 - 0)
7
What is 3 - (9 + (5 - 8))?
-3
1 + -1 - 1 - 4
-5
1 - (-21 - -26) - (0 + -7)
3
What is the value of 6 + -6 + (4 - 9) + -2?
-7
What is the value of -1 - (-4 - (7 + -6 - -2))?
6
Calculate (0 - 5) + -1 - (29 - 32).
-3
6 - (2 - -1) - (-2 + 9)
-4
Calculate -1 - (-4 + -3 + 3) - 1.
2
2 + -3 + -5 + 4
-2
3 + (1 - 0 - (-7 - -6))
5
What is (-2 - -1) + 22 + -13 + -15?
-7
Calculate (8 - 20) + (-1 - -4).
-9
13 + -8 - (-4 + 0 - -11)
-2
What is the value of -4 - 1 - -1 - 0?
-4
What is the value of 10 + -1 - (-6 - -12)?
3
(-85 - -85) + -3 + 2
-1
Calculate -3 + 1 + 10 + (-6 - -1).
3
What is (-1 - (8 + -11)) + -1?
1
What is 10 - 2 - (48 + -49)?
9
2 - (0 - (4 - 3)) - 4
-1
-11 + -5 + 5 + 9
-2
What is (5 + 6 - 1) + 1 + -6?
5
-4 - (-2 - (8 - 8))
-2
Calculate -5 + -4 + 3 + 2.
-4
Evaluate 2 - (2 - (-14 - -8)).
-6
(9 - 6) + (-3 - -1) - 5
-4
What is 0 + 6 - (9 - (-2 - -3))?
-2
What is the value of (-23 - -6 - -9) + 7?
-1
What is the value of 4 + -5 + -3 + 1?
-3
What is 16 - 12 - (-3 - (-6 + 9))?
10
21 - 24 - (-1 + -4)
2
(-4 + 9 - 0) + 1
6
Evaluate -1 - ((-8 - -11) + (0 - -1)).
-5
0 + (2 - -2 - -1)
5
Calculate (-1 - 1) + 1 + 4 + -5.
-2
What is -2 - ((4 - -1) + -10) - 4?
-1
What is -8 - (2 - (5 - 0))?
-5
5 - (13 - 5) - -5
2
Evaluate 10 + 1 + -13 + 0 + 3.
1
What is the value of -2 + (1 - -3) - (10 - 13)?
5
What is the value of -3 - 2 - (-1 + -3 + 4)?
-5
Calculate (-22 - -26) + -1 + 2.
5
(-1 - 0) + 3 - -3
5
What is 1 + 0 + 1 + -70 + 65?
-3
What is -7 + (2 - 2 - -5)?
-2
What is the value of (-3 - -7 - -3) + -19 + 5?
-7
Calculate (1 - (2 - -3)) + 4.
0
What is 1 - 0 - (-2 - -5)?
-2
What is the value of -1 - (0 - -3) - (-12 - 0)?
8
Evaluate -8 + 3 + -2 + 3.
-4
0 + -5 + 1 + 5
1
Calculate -3 + -5 + 8 + -1.
-1
What is 13 + (-7 - (-12 + 14))?
4
What is 7 - (-2 - -2) - 5?
2
(-9 + 6 - 2 - 1) + 11
5
-4 + 0 + (-10 - -8)
-6
What is 6 - (4 + (1 + -3 - 1))?
5
What